 by z?
14
Suppose -6*p + p = -40. Let z = p + -7. Let q = 0 - -1. Calculate the remainder when q is divided by z.
0
Let x = -8 + 15. Suppose -3*k + 46 + 14 = 0. What is the remainder when k is divided by x?
6
Let g = 5 + 3. What is the remainder when 31 is divided by g?
7
Let m(k) = 11*k**2 - 2*k - 6. Let v be m(4). Suppose -3*w = -2*o + 7*o - v, -4*o + 131 = w. Calculate the remainder when o is divided by 18.
15
Suppose 2*a = 10, 2*g + 3*a - 10 = 3*g. Let h(c) = c**2 + c + 3. Let y be h(-6). Suppose 27 = g*j - y. Calculate the remainder when 34 is divided by j.
10
Suppose -k = q - 36 - 60, -381 = -4*q - 3*k. Calculate the remainder when q is divided by 24.
21
Let i(f) = -2*f + 1. Suppose -3*l - l = 0. Suppose y = 4 - l. What is the remainder when i(-5) is divided by y?
3
Suppose -5*k - 3*b + 8 = 0, -4 = 3*k - 2*b + 6*b. Suppose k*m + m = 10. Suppose -2*r + 18 = 5*p, 1 + 11 = 3*r. Calculate the remainder when m is divided by p.
0
Suppose -2*x - 4*p - 8 = 2*x, -2*x = -3*p - 16. Suppose x*l - 3*l - g = -19, 0 = l + 4*g - 31. What is the remainder when l is divided by 4?
3
Calculate the remainder when 41/(-4 - (54/(-4))/3) is divided by 28.
26
Let z(l) = -l**3 - 11*l**2 - l - 2. Let o be z(-11). Let d = o + 7. Calculate the remainder when 29 is divided by d.
13
Let v(i) = -i**2 + 8*i - 7. Let t be v(5). Suppose t = b + 5*d - 18, 265 = 5*b - 2*d. Suppose 4*r - 29 - b = 0. Calculate the remainder when r is divided by 11.
9
Let c(s) = 6*s**2 - s + 1. Let i be (-6)/9 - (-4)/6. Suppose -a = -23 - i. What is the remainder when a is divided by c(1)?
5
Suppose 2 = 2*v - s - 21, v - 19 = 3*s. Suppose -b - 2*b + 117 = 0. Calculate the remainder when b is divided by v.
9
Suppose 3*k + 187 = 5*w, -3*w = -k - k - 113. Let g = -23 + w. Calculate the remainder when 33 is divided by g.
9
Suppose -k + 34 = -2. Let n = 29 + -10. Calculate the remainder when k is divided by n.
17
Suppose 3*q - 4*u = -0*u + 289, -q - 3*u + 92 = 0. What is the remainder when q is divided by 12?
11
Suppose -6*d + 46 = -4*d. Suppose -d = -s - 0. Suppose 30 = -2*w + 7*w. What is the remainder when s is divided by w?
5
Suppose -5 = -5*z, 7 = 3*q - z - 82. Let l = -12 - -23. What is the remainder when q is divided by l?
8
What is the remainder when 29 is divided by ((-3)/(-4))/((-14)/(-224))?
5
Let h(o) be the first derivative of 0*o + 17/3*o**3 + 1/2*o**2 + 2. What is the remainder when h(-1) is divided by 6?
4
Suppose k - 78 = -26. Calculate the remainder when k is divided by 27.
25
Suppose -15*c = i - 18*c - 421, -1671 = -4*i - c. Calculate the remainder when i is divided by 28.
26
Let t(u) = -u - 1. Suppose -3*b = -4*r + 6, 2*r + 2*b - 4 = 3*b. Suppose 0 = -r*y + 2 + 4. Calculate the remainder when y is divided by t(-2).
0
Let h = 65 - 45. Let q(s) = s**3 - 3*s**2 + 3*s + 2. What is the remainder when h is divided by q(3)?
9
Let a = 45 - 12. Let n = a - 14. What is the remainder when 73 is divided by n?
16
Suppose 0 = 2*b - b - 5. Let z = 35 + -21. Calculate the remainder when z is divided by b.
4
Let b = -24 - -33. What is the remainder when 33 is divided by b?
6
Let x = -6 + 12. Let r = 36 + x. What is the remainder when r is divided by 15?
12
Let c(d) = 4*d - 5. Suppose 3 = f, -o + 23 = -0*o - 3*f. Suppose 5*z = o - 2. What is the remainder when c(z) is divided by 7?
5
Let s = -65 - -77. What is the remainder when 35 - (0 - 1)*0 is divided by s?
11
Let h(a) = a + 6. Let p be h(-7). What is the remainder when 8 is divided by 4/(-3)*3*p?
0
Suppose 7*h - 2*h + 4*a = 15, 0 = -4*h + 2*a + 38. Suppose 0 = -4*x + 27 - h. Suppose 227 = x*i + 77. What is the remainder when i is divided by 16?
14
Suppose 4*j - 4 = -w - 9, 5*w + j = 32. What is the remainder when (-78)/(-9)*15/10 is divided by w?
6
Let r = 7 + -9. Let h(n) = -8*n - 2. What is the remainder when 55 is divided by h(r)?
13
Suppose 0 = -2*d + 2*z + 10, 0 = -3*d + 4*z + 5 + 14. Let o be (0 - -2) + -1 + -2. Let w = 0 - o. What is the remainder when w is divided by d?
0
Let k(h) = 2*h**2 + 2*h - 6. Let l be k(6). Suppose 5*o + 13 - l = 0. Calculate the remainder when ((-100)/12)/((-2)/6) is divided by o.
12
Suppose 0 = 3*o - 9, 0 = -6*l + l + 2*o + 109. Calculate the remainder when 40 is divided by l.
17
Suppose -h - 3 = 0, -3*k + h + 78 - 12 = 0. What is the remainder when k is divided by (16/(-10))/(3/(-15))?
5
Let d = 3 + 2. Let f(z) = 5*z**2 - 3*z + 4. Let x be f(3). Suppose d*t - x = t. What is the remainder when t is divided by 4?
2
Let h(g) = 4 - 4 - 30*g. Let o be h(-1). Let c = -11 + o. Calculate the remainder when 56 is divided by c.
18
Suppose -16 = 2*h - 52. Let b(v) = -v**3 - 7*v**2 - v + 3. Let k be b(-7). Let t = 0 + k. Calculate the remainder when h is divided by t.
8
Suppose -5*o + 2*y = -195, -4*o + 136 = -o - 5*y. Calculate the remainder when 144 is divided by o.
33
Suppose 8*p - 514 - 142 = 0. What is the remainder when p is divided by 14?
12
Let q = -74 + 103. Suppose 0*t - 4*t = -j + 26, 0 = -3*j + t + 34. Calculate the remainder when q is divided by j.
9
Let r(a) = 4*a**3 - a**2 + 1. What is the remainder when 9 is divided by r(1)?
1
Suppose -2*y + 197 = 5*z, y = 2*y - 1. What is the remainder when z is divided by 8?
7
Let i(m) be the third derivative of -5*m**4/24 - m**3/6 + m**2. Let f(v) = -v**2 + v + 2. Let s be f(3). What is the remainder when 56 is divided by i(s)?
18
Suppose -v - 44 = -2*d + d, 2*d - 3*v - 85 = 0. What is the remainder when d is divided by 10?
7
Let m = -7 + 9. Suppose m*h - 6 = -0*h. Suppose 5*w = -5*l - 0*w + 95, 73 = h*l - w. What is the remainder when 44 is divided by l?
21
Let c(q) = -q**2 - 4. Let d(t) = -2*t**2 - t - 9. Let w(o) = -5*c(o) + 2*d(o). What is the remainder when 33 is divided by w(-3)?
16
Let d = 187 - 121. Suppose -d = 2*a - 4*a. Suppose -3*n + 6 + 21 = 0. Calculate the remainder when a is divided by n.
6
Let x(z) = z**2 + 2*z + 2. Let l = 11 - 5. What is the remainder when l is divided by x(-2)?
0
Let b(v) = -6*v - 2. Let j be b(-3). Suppose -4*h + j - 4 = 0. Calculate the remainder when 7 is divided by h.
1
Let v = -10 + 13. Suppose -s - 2*s = 5*x - 183, -3*x = -v*s + 183. Calculate the remainder when s is divided by 21.
19
Let r = 90 - 81. Calculate the remainder when r is divided by 7.
2
Calculate the remainder when 6/33 + 370/22 is divided by 10.
7
Suppose -177 = -d - 2*d - 4*j, -2*j - 49 = -d. Calculate the remainder when d is divided by 31.
24
Let i(m) = -2*m + 3. Let q be i(2). Let j(a) = 2*a**2 + a + 2. Calculate the remainder when j(3) is divided by ((-18)/(-24))/(q/(-16)).
11
Suppose 2*s = -0 + 6. Let m = -13 + s. Calculate the remainder when 24 is divided by (-86)/m + 2/5.
6
Let n = -8 - -12. Suppose -n*k - 112 = 4. Let u = 60 + k. What is the remainder when u is divided by 8?
7
Suppose -4*s - 176 = -20*s. What is the remainder when 26 is divided by s?
4
Let a(j) = -j**3 + j**2 + 31. Calculate the remainder when 123 is divided by a(0).
30
Suppose -40 - 16 = -s. What is the remainder when s is divided by 12?
8
Let g = 2 + 5. Let v = -1 - -14. Calculate the remainder when v is divided by g.
6
Suppose 4*p + 0*n = -n + 143, 0 = 2*n - 6. What is the remainder when p is divided by 9?
8
Let w = -112 - -125. What is the remainder when w is divided by 4?
1
Suppose 0 = -2*m + 2, -4*m = -2*l - 0*m + 70. Suppose j - 5*c + 0 - 2 = 0, 0 = -5*j - 2*c + l. Let d = 7 + -4. Calculate the remainder when j is divided by d.
1
Calculate the remainder when (28/(-4) + 1)*1*-2 is divided by 9.
3
Suppose -3*f - 2*u + 211 = -0*u, 0 = -u + 2. What is the remainder when f is divided by 8?
5
Suppose -20 = 2*h - 146. Let g = h + -35. Let u = g + -6. Calculate the remainder when u is divided by 8.
6
Suppose -7 - 9 = 2*q. What is the remainder when 3/(-4) + (-206)/q is divided by 9?
7
Let y(r) = 16 - 7 + 0*r - 5*r + 4*r. Calculate the remainder when 36 is divided by y(-5).
8
Suppose 0 = 4*j - 2 - 14. What is the remainder when 4 is divided by j?
0
Let p be 2074/(-18) - (-8)/36. Let d = p - -260. Suppose 0 = -0*s - 5*s + d. What is the remainder when s is divided by 10?
9
Suppose -j + 0 = -4. What is the remainder when 13 is divided by j?
1
Suppose 316 + 2 = 5*m + 2*l, -m - l = -63. Suppose -2*z = 2*z + m. What is the remainder when (-1)/(-4) + (-172)/z is divided by 4?
3
Suppose 5*